3
In base 4, what is 1013 - 1103212?
-1102133
In base 9, what is -58 + 234?
165
In base 4, what is 20303212 - 2?
20303210
In base 8, what is 633 - 2505?
-1652
In base 4, what is 132230 - -3130?
202020
In base 15, what is 36 - -b1?
e7
In base 10, what is 150604 + -3?
150601
In base 4, what is -3210223 + 112?
-3210111
In base 13, what is 36c084 + 1?
36c085
In base 16, what is 1 + 1667d?
1667e
In base 9, what is -21 - 20027?
-20048
In base 12, what is -194 + -11a?
-2b2
In base 9, what is 11887 - 47?
11840
In base 3, what is 2211100120 + 12?
2211100202
In base 11, what is 3 + -41811?
-41809
In base 2, what is -10110111 + -1001010010?
-1100001001
In base 3, what is -220221 + -100001?
-1020222
In base 7, what is -6102310 - -4?
-6102303
In base 15, what is -2d4 - -133?
-1a1
In base 16, what is -f33 + 32?
-f01
In base 2, what is -101100110 + 1000111?
-100011111
In base 14, what is 17 - 12bda?
-12bc3
In base 7, what is 41444 + -21?
41423
In base 11, what is 5774 - -91?
5855
In base 16, what is 97b - 9f?
8dc
In base 7, what is 40 + 12?
52
In base 6, what is 240015 + 20?
240035
In base 13, what is -1c - 1313c?
-1315b
In base 3, what is -1112212011 + 110?
-1112211201
In base 15, what is -14 + 2515?
2501
In base 3, what is -20101 - -111112221?
111022120
In base 6, what is 1152 - 2200?
-1004
In base 6, what is 1335245 + 1?
1335250
In base 6, what is -5 + -432020?
-432025
In base 11, what is -86 - -3a55?
397a
In base 8, what is 215 + 372?
607
In base 10, what is 2443 - 1?
2442
In base 8, what is 2 - -176444?
176446
In base 15, what is 4771 - -3?
4774
In base 15, what is 45 + -300?
-2aa
In base 7, what is 1 - -124350?
124351
In base 10, what is 814 - 63?
751
In base 3, what is -1212201 - -102?
-1212022
In base 7, what is -420152 - -44?
-420105
In base 12, what is -5 + -17109?
-17112
In base 9, what is -5 + -283502?
-283507
In base 13, what is 327512 - -2?
327514
In base 10, what is 1240 - -625?
1865
In base 4, what is -10300030 - 112?
-10300202
In base 5, what is 34 - -2123?
2212
In base 4, what is -11 + -3131123020?
-3131123031
In base 2, what is 1010110110110100 - 101?
1010110110101111
In base 13, what is 36b0 + 2?
36b2
In base 6, what is 3 + -315124?
-315121
In base 11, what is 254094 + 2?
254096
In base 3, what is -2101 - 110010012?
-110012120
In base 6, what is 5 + -320452?
-320443
In base 12, what is 12b8 + 94?
1390
In base 8, what is -22447236 + -5?
-22447243
In base 5, what is 2420 + -132022?
-124102
In base 16, what is b4e - -7?
b55
In base 10, what is 1358 + -28?
1330
In base 10, what is -1938 - -9?
-1929
In base 4, what is -110302 - 31330?
-202232
In base 8, what is -1 - 655041?
-655042
In base 14, what is -1 - 31856?
-31857
In base 5, what is 304 + -3410432?
-3410123
In base 2, what is -1001 + -1010001?
-1011010
In base 6, what is -3021515 - -10?
-3021505
In base 6, what is -1432 - -453?
-535
In base 7, what is 64 + -3424?
-3330
In base 9, what is -21408 - -58?
-21340
In base 14, what is 3 + 82c80?
82c83
In base 7, what is -41 + 2064?
2023
In base 5, what is 11431 + -14?
11412
In base 4, what is 30332 - -1220?
32212
In base 6, what is 121134 - -4?
121142
In base 5, what is 341014 + -134?
340330
In base 12, what is 7 + 8924?
892b
In base 15, what is -13 - -5c?
49
In base 3, what is 11000120 + 100011?
11100201
In base 6, what is 201013 + 41?
201054
In base 3, what is -22 - 1102201?
-1110000
In base 12, what is 256325 - -3?
256328
In base 2, what is 111000110 + 101010011?
1100011001
In base 8, what is 137 - -460?
617
In base 4, what is 3 - 3321220?
-3321211
In base 13, what is 5c - 273?
-214
In base 2, what is -1000011 + -1011111000?
-1100111011
In base 13, what is 2795 - a5?
26c0
In base 5, what is 312131031 + -3?
312131023
In base 8, what is 521443 - 4?
521437
In base 12, what is -3828 + 0?
-3828
In base 2, what is -10110011011110100 - -1010101?
-10110011010011111
In base 6, what is -334 + 201?
-133
In base 11, what is -4 - 7a46?
-7a4a
In base 5, what is 10 - -333221?
333231
In base 14, what is 858a + 6?
8592
In base 4, what is -222 + 203331?
203103
In base 11, what is -5 - -2a9a3?
2a999
In base 9, what is 23 + -6575?
-6552
In base 11, what is 252320 - 0?
252320
In base 16, what is 48d8 - -b?
48e3
In base 4, what is -1 + -103102330?
-103102331
In base 4, what is 3 + -12101?
-12032
In base 3, what is -10 - -112011?
112001
In base 3, what is 11101201 - 1201010?
2200121
In base 3, what is -21010210 - 10?
-21010220
In base 14, what is -2 - 116913?
-116915
In base 14, what is 5 + 527a8?
527ad
In base 13, what is -c + 821?
812
In base 6, what is 23 + -2532?
-2505
In base 6, what is -43243 - -4343?
-34500
In base 2, what is 1110101111100 - -11?
1110101111111
In base 12, what is 4 - 32a8?
-32a4
In base 3, what is -121222 - 202210?
-1101202
In base 2, what is -1110101111001 + -101?
-1110101111110
In base 14, what is -3 - -29802?
297dd
In base 2, what is 10010011111001 - -1?
10010011111010
In base 7, what is -26645563 - 1?
-26645564
In base 13, what is -21 + -918ac?
-91900
In base 14, what is 24a69 + 23?
24a8c
In base 7, what is -1454 - -13564?
12110
In base 9, what is -1024 - 333?
-1357
In base 15, what is 26 - -1116?
113c
In base 15, what is b2689 - -2?
b268b
In base 4, what is 2 - 1021013202?
-1021013200
In base 3, what is -2101120 - -11020212?
1212022
In base 8, what is 171 - 3735?
-3544
In base 12, what is -3520a + -1?
-3520b
In base 11, what is 10659 + -62?
105a7
In base 13, what is 88 + 201?
289
In base 12, what is 0 - 57657a?
-57657a
In base 13, what is 0 + -7c001?
-7c001
In base 10, what is -5 + -53371?
-53376
In base 10, what is -9 - 5645?
-5654
In base 6, what is 1012 - 2244?
-1232
In base 8, what is -143222 + -2?
-143224
In base 12, what is -29 - -b1?
84
In base 11, what is 244 - 61?
193
In base 4, what is 3 - 31003231?
-31003222
In base 6, what is -21442 + 4?
-21434
In base 8, what is -52 + -21233?
-21305
In base 8, what is -60 + 131?
51
In base 9, what is 3 - 11644?
-11641
In base 9, what is -71 + 1252?
1171
In base 14, what is -2466 + -5?
-246b
In base 8, what is 6 + -154653?
-154645
In base 16, what is -2 - -27625?
27623
In base 13, what is -33 + -3320?
-3353
In base 6, what is -3404 + 1521?
-1443
In base 16, what is 2c + b06f?
b09b
In base 5, what is 3033 + 103?
3141
In base 12, what is -34452 + 3?
-3444b
In base 7, what is -113 + 21122?
21006
In base 9, what is 1052208 - 0?
1052208
In base 7, what is -21 + 5155?
5134
In base 15, what is -739 + 0?
-739
In base 13, what is -65 - 90?
-125
In base 5, what is -2114 - 222201?
-224320
In base 10, what is -4 - -24205?
24201
In base 7, what is 1 + -1103330?
-1103326
In base 14, what is 843dd + b?
8440a
In base 5, what is 102332431 - -4?
102332440
In base 3, what is 200112111 - -1?
200112112
In base 4, what is -323 + -100021?
-101010
In base 5, what is 223 - -21032?
21310
In base 10, what is -398 + -41?
-439
In base 7, what is -3015 + 15?
-3000
In base 10, what is 249412 - 15?
249397
In base 3, what is -110002221002 + 2?
-110002221000
In base 12, what is -1a2 + 4194?
3bb2
In base 12, what is -153012 + 6?
-153008
In base 15, what is 15e1 - 57?
1589
In base 9, what is 2 + 708122?
708124
In base 11, what is 3924 - 10?
3914
In base 16, what is -660 - 5?
-665
In base 9, what is 202 - -257?
460
In base 3, what is -10202101 - 1011010?
-11220111
In base 8, what is 5 + 1332773?
1333000
In base 7, what is 0 - -1365515?
1365515
In base 4, what is 320113 + 11022?
331201
In base 8, what is -125141 - -6?
-125133
In base 8, what is 40201 - 34?
40145
In base 6, what is 11 - -1045445?
1045500
In base 12, what is 496 - -20?
4b6
In base 13, what is -c - 8b0?
-8bc
In base 13, what is -16662 - -37?
-16628
In base 4, what is 100 - -21120031?
21120131
In base 14, what is 26 - 60a?
-5c4
In base 13, what is 4709 + -1c8?
4511
In base 2, what is 10 - 1010100100010000?
-1010100100001110
In base 4, what is 30321 - -22?
31003
In base 4, what is -1210130 - -31?
-1210033
In base 3, what is -1122001 - 112102?
-2011110
In base 13, what is 12 - 8b83?
-8b71
In base 14, what is 6 - -239a?
23a2
In base 9, what is -128326 + -21?
-128347
In base 8, what is -6421 - -23?
-6376
In base 7, what is -3 - 1461?
-1464
In base 5, what is -110011422 - 10?
-110011432
In base 12, what is 6 + -1854?
-184a
In base 6, what is -421534 - 13?
-421551
I